t common factor of 19 and d?
19
Suppose 2*l - 130 = -5*q, 2 = -2*q + q. Suppose 2 - 6 = -2*c. Suppose -146 = -5*t + c*d, -2*t + 19 = 3*d - 28. What is the highest common divisor of l and t?
14
Let k(n) = -6*n + 12. Let h be k(-18). What is the highest common factor of 15 and h?
15
Let f(k) = 6*k**2 + k - 1. Let h be f(4). Let j(g) = -g**3 - 2*g**2 - g - 3. Let c be j(-3). What is the greatest common factor of c and h?
9
Suppose -2 = k - 20. Suppose m - 4*x + x = 3, -5*m - x + 47 = 0. Calculate the highest common factor of k and m.
9
Let i(k) be the second derivative of 77*k**4/12 + k**2/2 + 3*k. Let d be i(1). Calculate the highest common factor of d and 52.
26
Suppose -4*s + 944 = -0*s. Let z be ((-6)/9)/((-5)/(-285)). Let p = z + s. What is the highest common factor of p and 18?
18
Let j(w) = w**3 + 6*w**2 - 4. Let b be j(-6). Let q be ((-6)/b + 0)*42. Calculate the greatest common factor of 9 and q.
9
Let b be ((-4)/6)/(-2) - (-245)/21. What is the highest common factor of b and 48?
12
Let r(n) = 9*n - 5. Let t be r(2). Calculate the greatest common divisor of 91 and t.
13
Suppose 0*s - 6*s = -450. Calculate the highest common divisor of s and 25.
25
Let u be (-3 - -28) + (-8)/(-4). Calculate the highest common factor of u and 243.
27
Let h(t) = 5*t**3 + 2*t**2 - t - 4. Let n be h(4). Let q be (-1 - -3) + n/4. Calculate the greatest common divisor of 11 and q.
11
Suppose 3*w + 103 = -0*p - 2*p, 5*w - 4*p + 157 = 0. Suppose -2*a = -a + 2. Let f be 1*2/(a/w). What is the greatest common divisor of 22 and f?
11
Let f = -228 - -438. Calculate the highest common divisor of 21 and f.
21
Suppose 48 = 4*v + 4*u, 68 = 5*v - 0*u + 3*u. Calculate the highest common divisor of 112 and v.
16
Suppose 0 = -5*q + 75 + 25. Calculate the greatest common divisor of 60 and q.
20
Let f be 5 - (-3 - (-3 - 3)). Let o be (5 - f) + 2338/(-2). Let y be (-2)/(-9) - o/18. Calculate the highest common factor of 13 and y.
13
Let a be 2/3*(-11 - -20). Let u(l) = -l**2 + 4. Let s be u(0). Calculate the highest common divisor of s and a.
2
Let u = -38 - -64. Calculate the highest common factor of 39 and u.
13
Let k be 1/2*3*2. Suppose 0 = -y - 3*c + 20, -y - 3*c + 10 = -2*y. Let p = 7 - y. Calculate the highest common factor of k and p.
1
Suppose 15 = 3*l, -2*o + 25 = -0*o + 3*l. Let s = -10 + 11. What is the greatest common divisor of o and s?
1
Suppose 4*s - 10 - 110 = 0. Suppose 13 = 3*o - 17. What is the highest common divisor of o and s?
10
Let y = -417 + 592. Calculate the greatest common divisor of 70 and y.
35
Let m be (-152)/(-2) - (1 - 0). Let b = -7 + 1. Let n(k) = k**3 + 8*k**2 + 7*k. Let q be n(b). Calculate the highest common factor of q and m.
15
Let n = 3 - -6. Let o be (n/6 + -2)*-16. Calculate the highest common factor of 88 and o.
8
Suppose 52 = i + 4*y, 3*i + 7*y = 3*y + 124. Suppose 0 = -s - 2*g + 18, 3*s - 44 + 2 = -2*g. What is the highest common factor of i and s?
12
Suppose -4*g + 838 = 5*w - 1007, -3*g = -w - 1360. Suppose -5*o - 3*a = -g, -5*o = 5*a + 107 - 572. Calculate the greatest common divisor of 11 and o.
11
Suppose f = 2*f + 34. Let o = 58 + f. What is the greatest common divisor of 12 and o?
12
Let i = 0 + 2. Suppose -i*l = 5*f + 2 - 0, l - 4*f = 12. Let o(k) = -k**2 + 8*k - 3. Let q be o(7). Calculate the highest common divisor of l and q.
4
Let f = -3 - -15. Let s be (-8)/4*(-2)/4. Let u be -12*s/(3 - 5). What is the highest common divisor of u and f?
6
Let u = 271 + -466. Let d = -59 - u. Calculate the highest common factor of 17 and d.
17
Let d(u) = -54*u + 1. Let x be d(-1). Let w be -2*((-4)/(-8) - 3). What is the highest common factor of x and w?
5
Let v = 21 - -11. Calculate the greatest common factor of v and 8.
8
Let d = -50 - -53. Calculate the greatest common divisor of d and 24.
3
Suppose 0*s = -3*s - 90. Let m = 56 + s. Calculate the highest common divisor of m and 234.
26
Suppose -8*s - 74 = -9*s. Suppose 0 = 4*z - s - 118. Calculate the highest common factor of z and 12.
12
Let y be (-14)/(-4) - 2/4. Calculate the highest common divisor of y and 21.
3
Suppose 6*t + 366 = 5*v + 3*t, 5*t = 2*v - 154. What is the greatest common factor of v and 9?
9
Suppose 2*s + 3*l = 13, -2*s - 5*l + 30 = -7*s. Let n be (1 + 9)/(s/(-11)). Calculate the highest common factor of 10 and n.
10
Let f be (7/(-7))/((-2)/6). Suppose -5*w + 219 = s, f*w - 100 = -3*s + 569. Calculate the greatest common factor of 28 and s.
28
Let b be 16/20*(-5)/2 + 226. What is the greatest common divisor of b and 28?
28
Let r(k) be the first derivative of -k**3/3 - 6*k**2 + 9*k - 1. Let t be r(-11). What is the greatest common factor of t and 2?
2
Suppose 3*m + 15 = -18. Let d = 26 + m. Calculate the highest common factor of d and 105.
15
Let s = -27 - -47. Suppose 3*y + 46 + 24 = -5*x, 3*y - 4*x = -25. Let t be (-5)/(y/96) - 2. Calculate the highest common divisor of t and s.
10
Let n = 27 + -3. What is the greatest common divisor of n and 16?
8
Let d be 42 + (2/(-4) - (-15)/(-6)). What is the highest common divisor of 26 and d?
13
Let i(z) = z**3 + 8*z**2 + 6*z - 6. Let x be i(-7). What is the highest common factor of 1 and x?
1
Let w(r) = -r**3 + 4*r**2 - r - 1. Let f be w(3). Suppose f = -o + 17. Calculate the greatest common divisor of 30 and o.
6
Let a(k) = k**2 + k + 6. Let c be a(-7). Let n(s) = -s**3 + 7*s**2 + 9*s + 4. Let t = 0 + 8. Let w be n(t). What is the highest common divisor of c and w?
12
Suppose 3*q - 36 = -3*f - 0*f, 34 = 2*f + 4*q. Calculate the highest common divisor of 35 and f.
7
Let r be -1 + 12 + -1*1. Calculate the highest common divisor of 110 and r.
10
Let m(r) = -2*r + 1 - 4 + 5. Let k(f) = -f**2 - 4*f + 1. Let z be k(-5). Let g be m(z). What is the highest common divisor of g and 110?
10
Let q = 3 - 0. Suppose -2 = -4*h + q*h. Suppose 0 + 8 = 4*a. What is the greatest common divisor of a and h?
2
Suppose 0 = -h - 18 + 3. Let d be (24/40)/((-1)/h). Let l = -4 + d. What is the highest common factor of 20 and l?
5
Suppose 4*b - 4*z + 220 = 0, 7*b - 3*b + 265 = -5*z. Let c be (-24)/(-3)*b/(-16). What is the greatest common divisor of c and 90?
30
Let m = -8 - -20. Let o be (-49)/(-4) + 4/(-16). What is the greatest common factor of o and m?
12
Let z(j) = 2*j**2 - 2*j. Let d be z(4). Calculate the greatest common factor of 36 and d.
12
Let y be (22 - 1)/(2/8). Suppose 0 = 6*c - 12 - 114. What is the greatest common factor of y and c?
21
Let s = 57 - 12. Calculate the greatest common factor of 9 and s.
9
Suppose -5*o = -o + 2*n - 130, -2*o + 2*n + 50 = 0. Suppose -c - o = -3*c. What is the highest common factor of 5 and c?
5
Let l = 45 - 13. Let j be 1*(-3)/(1/(-1)). Suppose -t = -4*m, j*t - m = -6 + 28. Calculate the greatest common factor of l and t.
8
Let v(k) = -k**2 - 9*k - 6. Let x be v(-5). Calculate the highest common divisor of 56 and x.
14
Let y(l) = -9*l - 3. Let z be y(-7). Calculate the highest common factor of 24 and z.
12
Let r = 137 - 87. What is the highest common factor of 10 and r?
10
Suppose -3*t - 6 = 5*u - 64, -u = -3*t + 46. What is the highest common divisor of 16 and t?
16
Let m be (-4)/(3/(-6)*1). Suppose 4*i = m*i - 12. Suppose -s + 352 = i*s. What is the highest common factor of 8 and s?
8
Suppose 0 = 7*r - 184 - 264. Calculate the highest common divisor of 8 and r.
8
Let c(g) = g**3 + g**2 + 3*g. Let y be c(-4). Let o = y + 100. Calculate the highest common divisor of o and 5.
5
Let a = 7 - -33. What is the greatest common factor of a and 5?
5
Let l(p) = -p**3 + 7*p**2 - 10. Let j be l(7). Let g = -6 - j. Suppose 0 = 3*h - g - 14. Calculate the highest common factor of h and 18.
6
Let s be 12/(-24) + (-1)/2. Let i(h) = -19*h**3 - h**2 - h - 1. Let y be i(s). What is the greatest common divisor of 18 and y?
18
Let z(g) = -24*g - 15. Let d be z(-5). Calculate the greatest common divisor of d and 5.
5
Let u = -10 - -13. Suppose f + 11 = 2*b, 0 = -u*f + 6*f + 15. Calculate the highest common factor of 24 and b.
3
Let s be (16/(-12))/(-4)*66. Calculate the highest common factor of 55 and s.
11
Let l be (368/(-10) + (-2)/10)*-1. Calculate the greatest common factor of l and 37.
37
Let r(f) be the first derivative of 4*f**3/3 + f**2/2 + 7. Let u be r(-2). What is the greatest common divisor of u and 112?
14
Let 